e the prime factors of k?
5, 7
Let l be ((-9)/2)/3*-2. Suppose -3*n - 6 = l*k, -n + 2*k + 10 = -0*n. Suppose -t - 5*v = -39, -n*t + 38 = v + v. List the prime factors of t.
2, 7
Let x(v) = -3*v**3 - 5*v**2 - 5*v - 9. Let t be x(-5). Suppose -4*d = -3*d - l - 54, l = 5*d - t. What are the prime factors of d?
53
Suppose -12*q - 370 = -10*q. Let u = -111 - q. List the prime factors of u.
2, 37
Let x(n) = 97*n + 6. Let q(o) = 192*o + 12. Let l(i) = 4*q(i) - 7*x(i). What are the prime factors of l(3)?
3, 7, 13
Suppose -3*j + 5*g = -44, -2*g = -3*j + 6*j - 16. Let k = 2 + j. List the prime factors of k.
2, 5
Let w = -1463 + 2743. What are the prime factors of w?
2, 5
Suppose 0*r - 5*c = -4*r + 4, r = 2*c - 2. Let z be (r/(-4))/(33/(-572)). What are the prime factors of z/4 - (-1)/2?
7
Let n be (0 - (2 + -17)) + 2 + 0. Let k be 57/6*(1 - -1). Suppose -3*w = -k - n. List the prime factors of w.
2, 3
Let w = -1 + 7. Let f be w*((-4)/(-8) + 0). List the prime factors of 1/f - (-118)/6.
2, 5
Suppose -49*t = -47*t - 3364. List the prime factors of t.
2, 29
Let x(o) = o - 37. Let k be x(0). Let j = -1 - k. List the prime factors of j.
2, 3
Let w(g) = g**2 - 9*g - 1. Let p be w(19). Suppose p = 5*m + 39. List the prime factors of m.
2, 3, 5
Suppose 0 = -k + 4*q + 1 + 8, 24 = 5*k + q. Let m be 3 - k/1 - -72. Suppose -3*v + 2*f + 0*f = -m, 5*f = 5. List the prime factors of v.
2, 3
Let a(j) = 6*j**2 - 7*j - 42. List the prime factors of a(-8).
2, 199
Suppose 0 = 4*m - 941 - 3851. What are the prime factors of m?
2, 599
Let r be 4/3 + (-10361)/(-39). Let a = r + -191. List the prime factors of a.
2, 19
Suppose -l + 77 = 3*w - 175, 2*w + 5*l = 168. Let o = w + -59. Let r = o - -6. List the prime factors of r.
31
Let v(t) = 5*t**3 - 11*t**2 - 14*t + 9. What are the prime factors of v(7)?
1087
Let l be (-8 - -2)/(-2 + 0). Suppose l*m - m = 36. Suppose -m = 4*z - 6*z. What are the prime factors of z?
3
Let l(a) = 359*a - 268. What are the prime factors of l(6)?
2, 23, 41
Suppose -5*r + 0*r = 4*c - 650, 4*c = 0. List the prime factors of r.
2, 5, 13
Suppose -22*q + 21*q = -651. What are the prime factors of q?
3, 7, 31
Suppose -2*j - 14 = -5*g, -3*j - 2*g = -7 - 10. Suppose j*u - 32 = 148. Suppose 0 = -3*c - 0*c + u. List the prime factors of c.
2, 5
Let u(y) = 6*y**2 - 4*y + 3. Let c = 2 + 2. List the prime factors of u(c).
83
Suppose 0*t - 2*t = -2. Let q be -4*(t + 0 + 0). What are the prime factors of (-22 + 6)*2/q?
2
Let f(w) = -w**3 + 8*w**2 + 13*w - 2. Let o = 68 - 59. What are the prime factors of f(o)?
2, 17
Let g(f) = -2*f + 3. Let p be g(-13). Let w(z) = 18*z**2 + p*z**2 + 2*z - 3*z + 31*z**2. What are the prime factors of w(1)?
7, 11
Suppose 0 = -3*t - k - 6, 4*k = 2*t - 7*t - 17. Let y(o) = -359*o**3 + o**2 - 3 + o + 4 + 339*o**3. List the prime factors of y(t).
3, 7
Suppose 1 = 2*x + 3. Let b be (-70)/(-4) - x/(-2). Suppose -4*z + h + 43 = -b, 0 = z + h - 10. List the prime factors of z.
2, 7
Suppose 0 = -g - 3*b - 13, -4*g - 5*b - 4 = 13. Suppose 2*a = g + 2. Suppose -a*d + 0*i + 22 = -i, 5*i + 2 = -2*d. List the prime factors of d.
3
Let z be ((-6)/8)/(4/16). Let u be ((-2)/z)/((-6)/(-27)). Suppose n - c - 69 = -u*n, 4*n = -2*c + 66. List the prime factors of n.
17
Let x = -45 + 95. Suppose 5*q - 5*g = 20, 4*q + g - 6*g = 17. Suppose -q*d = -5*d + x. What are the prime factors of d?
5
Let w = -15 - -20. Let q(s) = s - 5. Let d be q(w). Let o(j) = -j**2 + 3. What are the prime factors of o(d)?
3
Let f be -54 - (-2)/((-4)/6). Let a = -11 - f. What are the prime factors of a?
2, 23
Let j be 8/(-4)*(-9)/6. Suppose j*u - 4*u = 2, -3*y - u = 8. List the prime factors of (-35)/(-1 - (y + 2)).
5, 7
Let f be 3/(-2) - (-3)/6. Let m be ((-1)/f + -1)*1. Suppose 6*o - 20 - 238 = m. List the prime factors of o.
43
What are the prime factors of (-206)/(18/30 + -1)?
5, 103
Let k be 5/(-1)*(-6)/(-5). Let c(b) be the first derivative of -11*b**2/2 - 15*b + 28. List the prime factors of c(k).
3, 17
Let h(z) = -40*z - 18. Let k be h(-12). Suppose -k = -j - 2*j. List the prime factors of j.
2, 7, 11
Suppose -5*g + 609 + 1481 = 0. Suppose -2*s = -5*p + g, 4*s = -5*p + 3*s + 406. List the prime factors of p.
2, 41
Let l = -74 + 121. What are the prime factors of l?
47
Let h(v) = v**2 - 12. Let m be h(-5). Suppose 5*r + m - 138 = 0. List the prime factors of r.
5
Suppose 26*v - 20243 - 13557 = 0. List the prime factors of v.
2, 5, 13
Suppose 4501*d - 12288 = 4495*d. List the prime factors of d.
2
Let q = -15 - -19. Let d = 5 + -6. Let v = q + d. List the prime factors of v.
3
Let u(n) be the third derivative of 19*n**4/12 + 31*n**3/6 - 2*n**2 + 38. What are the prime factors of u(6)?
7, 37
Suppose -5*t + 3265 = -g, 0*g + 20 = -4*g. What are the prime factors of t?
2, 163
Let m(p) = p - 2. Let d be m(7). Suppose -5*x = 2*q - 104, 2*q - 48 = -2*x - 2*q. Suppose -i = d*n - 3 - 2, 5*n - x = -2*i. What are the prime factors of i?
3, 5
Let l(q) = 7*q**2 + 1. Let b be l(-2). Let h = 45 - b. What are the prime factors of h?
2
Let y be (-1 - 0)/(6/(-6)). Suppose -y = b - 3. Suppose -b*h + 0*h = -26. List the prime factors of h.
13
Suppose 4917 = 7*s - 144. List the prime factors of s.
3, 241
Let w = 12 + -11. Let b(l) = w + 25*l - 1 + 4 - 3. List the prime factors of b(1).
2, 13
Suppose 221 = 4*q - 5*c - 506, 2*c = -2*q + 368. What are the prime factors of q?
3, 61
Let x = -38 - -59. Let h = x - 16. Suppose v - 58 = 3*r, -h*v + 230 = 7*r - 2*r. List the prime factors of v.
7
Let z(k) = 1317*k**2 + 10*k + 9. What are the prime factors of z(-1)?
2, 7, 47
Let w(b) = -b**3 + 8*b**2 + 11*b - 6. Let j = -13 + 18. Suppose 2*y = j*y - 27. What are the prime factors of w(y)?
2, 3
Let h(k) = 119*k**3 + 7*k**2 - 1. What are the prime factors of h(2)?
11, 89
What are the prime factors of ((-189)/(-14))/((-1)/(-88))?
2, 3, 11
Let d(y) = -8*y**3 + 5*y**2 + 5*y + 4. List the prime factors of d(-3).
2, 5
What are the prime factors of ((-561)/(-5))/1 - (-38)/(-190)?
2, 7
Suppose 70*d - 68*d = -16. Let n = 47 - 92. List the prime factors of d/(-6)*n/(-6).
2, 5
Let u be (-3 + 4)*-2 - 0 - -2. Suppose -h - 6 = -3*h. Suppose h*c = -4*k - u + 26, -2*k + 18 = -c. List the prime factors of k.
2
Let w be 1 - ((-3)/(-3) + -3). Suppose 5 + 7 = w*q. Suppose q*h - 15 = 9. List the prime factors of h.
2, 3
Suppose 27*s = 29638 + 35135. List the prime factors of s.
2399
What are the prime factors of (-6)/(-5) + 2368/(-120)*-57?
2, 563
Let m(r) = -4*r + 31. Let y be m(7). List the prime factors of y/(-2 + 2/((-172)/(-173))).
2, 3, 43
Suppose -r - 5*v = -386, -5*r + v = -4*v - 2020. List the prime factors of r.
401
Suppose -175 = -7*l + 4270. What are the prime factors of l?
5, 127
List the prime factors of (-180936)/(-441) - (-4)/42*-3.
2, 5, 41
What are the prime factors of (-11)/(-88) - (-2)/(16/29231)?
2, 3, 7, 29
Let t(p) = -5*p. Let k be t(-1). Suppose -x + k*x - 306 = -3*i, -x + 71 = -2*i. What are the prime factors of x?
3, 5
Let w = -3116 - -7581. What are the prime factors of w?
5, 19, 47
Suppose -3*j = o + j + 9, 5*j = -o - 12. Suppose -4*w - 76 = 4*l, 3*w + l + 37 = o*l. List the prime factors of (-441)/w + 2/(-5).
29
Let m(u) = -539*u + 1. Let o be m(-1). Suppose -3*i = 42 - o. List the prime factors of i.
2, 83
Let z(l) = 17*l**2 + 33*l + 6. Let a(x) = 6*x**2 + 11*x + 2. Let m(s) = -11*a(s) + 4*z(s). Let j be m(-8). List the prime factors of 2/12 + 1085/j.
2, 13
Suppose 4 = y - 0*y. Let z = -804 - -980. Suppose 2*c = y, 0 = 5*j + c - 51 - z. List the prime factors of j.
3, 5
Suppose -1841 = -0*t - 3*t + 2*x, 0 = -x + 5. List the prime factors of t.
617
Let c(x) = 10*x**3 + 3*x**2 + 5*x + 4. Let d(w) = -w**3 + w**2 + w + 1. Let j(z) = -c(z) + 3*d(z). Let l be (-2)/(-6)*3 - 2. List the prime factors of j(l).
2, 7
Suppose -d + z + 213 = 0, z = 2*z - 5. What are the prime factors of d?
2, 109
Suppose 0 = -2*a + u + 491 - 482, -3*u = 2*a - 21. List the prime factors of a.
2, 3
Let x = -62 + 39. Let u = 24 - x. What are the prime factors of u?
47
What are the prime factors of (1/4)/(-2 - 24178/(-12088))?
1511
Let n(p) = 3 + 8*p**2 - 6*p**2 - 5 + 2*p**2 + 4*p. Let h be n(-4). Let r = 68 - h. List the prime factors of r.
2, 11
Let b be (-123)/30 + (-9)/(-90). Let n(u) = -42*u + 21. List the prime factors